t is the remainder when r/p + 1293/33 is divided by 10?
9
Let n = 5 + -1. Suppose -8 = -3*p + n. Calculate the remainder when p is divided by ((-16)/(-120) - 65/(-75))/1.
0
Suppose 2*c - 2 = 8, 5*t + c = 180. What is the remainder when t is divided by 22?
13
Let x(l) = -3*l**3 + l**2 + 4. Let j be 4*(1 - -2)/(-6). Calculate the remainder when 94 is divided by x(j).
30
Suppose 0 = 5*d + r - 610, -5*r + 221 = 6*d - 4*d. Calculate the remainder when d is divided by 44.
35
Suppose -6*x - 5 = -x + 5*k, 3*x - k - 17 = 0. Calculate the remainder when 36 is divided by x.
0
Suppose x - 4*x = -48. What is the remainder when x is divided by 0/(-33) + (-4 + 1)/(-1)?
1
Suppose 3*v + 15 = -2*r + 3*r, 5 = -5*r - 5*v. Suppose 0 = -2*m + 23 + r. What is the remainder when 64 is divided by m?
12
Suppose 3*q = 4 - 25. Let d(k) = -7*k + 10. What is the remainder when d(q) is divided by 22?
15
Let v = 248 + -172. Calculate the remainder when v is divided by 34.
8
What is the remainder when 1 + -9 + 36 + 640 is divided by 48?
44
Suppose -u = 4*u - 50. Calculate the remainder when 209/((-285)/(-15)) + 14 is divided by u.
5
Let y = 246 - 127. What is the remainder when y is divided by (8/6)/(9/81)?
11
Suppose -n - 1127 = -4*n - 2*o, -376 = -n - o. What is the remainder when n is divided by 9?
6
Let p = 36 - 34. Let m(s) = -2*s + 0*s**2 + s**p - s + 31. What is the remainder when m(0) is divided by 18?
13
Suppose 0 = 8*d - 515 + 99. Calculate the remainder when 102 is divided by d.
50
Let j(w) = w**2 - 3*w - 1. Let z be (0 - 3/(-2))/(9/(-12)). Calculate the remainder when 15 is divided by j(z).
6
Suppose -3*m - 2*u = 1, -5*m + 0*u + 20 = -u. Calculate the remainder when 42 is divided by m/(-9*(-4)/132).
9
Let c(m) = 5*m**2 - 5*m - 8. Let h be -4 + (2/(-9) - 42/54). Calculate the remainder when c(h) is divided by 49.
44
Let i be (4/12)/((-1)/(-15)). Suppose i*n - 5*r = -30, 2*r = -2*n + n. Let o(g) = -g**3 - 2*g**2 - 3*g. Calculate the remainder when o(n) is divided by 15.
14
Let i = 0 - 0. Let n = i + -3. What is the remainder when 41 is divided by 18/27 - 40/n?
13
Calculate the remainder when 2909/19 - 52/494 is divided by 68.
17
Suppose 0*h + 4*h - 20 = 0. Suppose -17 + h = -4*x. Calculate the remainder when (13 + -6)*x*5 is divided by 36.
33
Let d(h) be the first derivative of 17*h - 6 - 1/2*h**2. Calculate the remainder when d(0) is divided by 9.
8
Let n(c) = -2*c**2 - 26*c - 9 - 4*c**2 - 11 + 7*c**2. Calculate the remainder when 42 is divided by n(27).
0
Suppose 0 = 3*r - 5*r + 132. Suppose 91 = 7*n - 70. What is the remainder when r is divided by n?
20
Suppose -7*u = 6*u + 104. Let c = u + 16. Calculate the remainder when 35 is divided by c.
3
Let t(z) = z**2 + 11*z + 10. Let k be t(-10). Let g = 13 - k. Let q = 19 - g. What is the remainder when 15 is divided by q?
3
Let j = 44 - 34. Let h = -82 - -141. What is the remainder when h is divided by j?
9
Calculate the remainder when 138 is divided by (-2)/(-5) - (-72)/20.
2
Let o(a) = -10*a - 4. Let p be o(-8). Let z = -4 + p. What is the remainder when z is divided by 38?
34
Calculate the remainder when 147 is divided by -4 + 3*18/3.
7
Calculate the remainder when (20/(-8) + (4 - 1))*26 is divided by 3.
1
Let j(t) = -40*t**2 - 2*t + t + 42*t**2. Let v be j(-1). Suppose -c - c = s - 9, s + v*c - 6 = 0. Calculate the remainder when 57 is divided by s.
12
What is the remainder when 144 is divided by (-21)/(-63) + 95/3?
16
Let z = -3 + -9. Let n be (-3 - 40/z)*717. Suppose n = 4*a - 5*l, l - 79 + 200 = 2*a. What is the remainder when a is divided by 21?
19
Suppose 325 = 13*z - 8*z. Suppose z = 4*u - 3*u. Suppose -14 = -2*d + 20. What is the remainder when u is divided by d?
14
Let p = -337 + 339. Suppose -5*l - 15 = -4*s + 2*s, -5*s + 3*l + 9 = 0. Suppose -p*h = -s*h - 20. What is the remainder when 27 is divided by h?
7
Suppose 9*o + 136 = 487. Calculate the remainder when 45 is divided by o.
6
Suppose -2*j - 3*j + 170 = 0. What is the remainder when j is divided by -18 + 38 - 3 - (1 + -3)?
15
Let d(g) = 7*g**2 + 2*g + 4. Let w(b) = b + 1. Let t(y) = d(y) - 3*w(y). Let f = -6 + 7. Calculate the remainder when t(f) is divided by 2.
1
Let n be 3*((-2)/9 + 48/(-27)). Calculate the remainder when (120/100)/(n/(-20)) is divided by 3.
1
Suppose -p + 20 = 1. Let b = -323 + 379. Calculate the remainder when b is divided by p.
18
Let l(t) = -4*t - 2. Let n be l(-2). Calculate the remainder when (992/12)/(n/9) is divided by 25.
24
Suppose -8*b + 6 = -7*b. Let u = b - -19. Calculate the remainder when 98 is divided by u.
23
Let t be 1 - -1 - (0 + (-40)/5). Suppose 0 = -4*g - 5*f + 36, -4*f = -13*g + t*g - 4. Calculate the remainder when 6 is divided by g.
2
Let v = 646 - 642. Let c = 16 - 4. Calculate the remainder when c is divided by v.
0
Suppose -5*o + 31656 = 19*o. Calculate the remainder when o is divided by 30.
29
Suppose -5*j + h = -7027, -3*h + 6*h = -6. Calculate the remainder when j is divided by 32.
29
Let s = -43 - -43. Suppose -4*t + 3*t + 57 = -3*q, -5*t + 5*q + 315 = s. What is the remainder when t is divided by 17?
15
Let c be (-27)/(-18)*656/6. Suppose -4*y + 0*y = -c. Suppose 44 + y = 5*o. What is the remainder when 50 is divided by o?
16
Let c = -1237 + 1305. What is the remainder when 2785 is divided by c?
65
Let p(q) = q**2 - 19*q + 196. Let r(n) = -6*n. What is the remainder when p(10) is divided by r(-6)?
34
Suppose -3*p + 0*p = y - 42, -4*y - 14 = -p. What is the remainder when 180 is divided by p?
12
Suppose x = 5*d - 0*x - 134, 0 = 3*x - 3. Let g = -22 + d. Suppose -60 = -5*j - g*n - 0*n, -n - 3 = 0. What is the remainder when 43 is divided by j?
13
Suppose -1348 = -35*k - 333. What is the remainder when 373 is divided by k?
25
Suppose -465*o + 468*o - 24 = 0. What is the remainder when 71 is divided by o?
7
Let v(b) = 2*b + 1. Let d(u) = u**3 - u**2 - u + 5. Let i be d(0). Suppose -3*n - 696 = -708. What is the remainder when v(i) is divided by n?
3
Let a = -207 + 213. Suppose 0 = 2*b + 3*u - 82, 2*u - 134 = -2*b - 56. What is the remainder when b is divided by a?
5
Let h(k) be the first derivative of k**3/3 + 4*k**2 + 15*k - 33. Let g = -20 + 8. What is the remainder when h(g) is divided by 22?
19
Let m(g) = -g - 5. Let h be m(-5). Suppose 5*x + 4*k = -h*x + 185, 4*x = -5*k + 148. Calculate the remainder when x is divided by 10.
7
Suppose 0 = 18*q - 6 - 84. Calculate the remainder when -16*(-9)/(-6)*-1 is divided by q.
4
Let v = 14 + -10. Suppose 35 = m + v*m. Let s = -4311 - -4314. Calculate the remainder when m is divided by s.
1
Let p = -84 + 224. Calculate the remainder when p is divided by 74.
66
Let l(m) = -8*m - 146. What is the remainder when l(-19) is divided by 4?
2
Let p be 65/2*4/(-5). Let a = p - -33. Calculate the remainder when 19 is divided by a.
5
Suppose -3*x - 1 + 37 = 0. Suppose -2*i = -26 - x. Suppose u + 2 = 2*u, 0 = t + 4*u - 62. What is the remainder when t is divided by i?
16
Suppose -7*x = -1 - 13. Suppose x*g - 18 = -0*g. What is the remainder when (-210)/(-8) - (-2)/(-8) is divided by g?
8
Let d(l) = 74*l + 41. Let h(y) = 3*y - 7. Calculate the remainder when d(0) is divided by h(6).
8
Suppose 13 = 4*x - 7*x - o, -3*o - 21 = 3*x. Calculate the remainder when 18 is divided by 2/(-5 - (x - 0))*-10.
8
Let o be (-6*1)/(4/(-12)). Suppose 3*m - 55 - 27 = -5*l, -l - m + o = 0. Suppose -5 = 2*v - 13. Calculate the remainder when l is divided by v.
2
Let n = 1507 - 1436. What is the remainder when 422 is divided by n?
67
Let x(t) = -2*t**3 - 4*t**2 - 2. What is the remainder when x(-6) is divided by 12?
10
Let j = 237 + -211. Calculate the remainder when 126 is divided by j.
22
Let n = 28 - 26. Suppose 3*s - 161 = -n*g, -5*g = 4*s - 109 - 101. What is the remainder when s is divided by 22?
11
Let i(a) be the third derivative of -a**4/24 - 2*a**3/3 + a**2. Let l be i(-3). What is the remainder when (1 + -2)/(l/38) is divided by 10?
8
Let u = 258 - 235. What is the remainder when 389 is divided by u?
21
Suppose 4*i = 3*y + 885, -2*y - y = i - 240. Let d = i + -159. What is the remainder when (0 - -3) + d - 0 is divided by 24?
21
Let m(r) = 45*r**2 + 1. What is the remainder when m(-1) is divided by 29?
17
Suppose -15*m + 2346 = 8*m. Calculate the remainder when m is divided by -